{"id":3603,"date":"2021-05-28T09:02:38","date_gmt":"2021-05-28T07:02:38","guid":{"rendered":"https:\/\/la-grave.com\/?page_id=3603"},"modified":"2025-06-03T10:56:53","modified_gmt":"2025-06-03T08:56:53","slug":"vtt-de-montagne","status":"publish","type":"page","link":"https:\/\/la-grave.com\/en\/vtt-de-montagne\/","title":{"rendered":"VTT de Montagne"},"content":{"rendered":"\t\t<div data-elementor-type=\"wp-page\" data-elementor-id=\"3603\" class=\"elementor elementor-3603\">\n\t\t\t\t\t\t<section class=\"elementor-section elementor-top-section elementor-element elementor-element-11f529d elementor-section-boxed elementor-section-height-default elementor-section-height-default\" data-id=\"11f529d\" data-element_type=\"section\" data-e-type=\"section\">\n\t\t\t\t\t\t<div class=\"elementor-container elementor-column-gap-default\">\n\t\t\t\t\t<div class=\"elementor-column elementor-col-100 elementor-top-column elementor-element elementor-element-a8e0058\" data-id=\"a8e0058\" data-element_type=\"column\" data-e-type=\"column\">\n\t\t\t<div class=\"elementor-widget-wrap elementor-element-populated\">\n\t\t\t\t\t\t<div class=\"elementor-element elementor-element-c4a02af elementor-widget elementor-widget-text-editor\" data-id=\"c4a02af\" data-element_type=\"widget\" data-e-type=\"widget\" data-widget_type=\"text-editor.default\">\n\t\t\t\t<div class=\"elementor-widget-container\">\n\t\t\t\t\t\t\t\t\t<p>Choisissez votre jour et b\u00e9n\u00e9ficiez du meilleur prix du moment&nbsp; pour embarquez directement dans le t\u00e9l\u00e9ph\u00e9rique pour gagner la haute-altitude.<br><b style=\"font-style: italic;\">Le forfait saison AEON vous donne acc\u00e8s aux 4 Domaines de l&#8217;Oisans (La Grave, l&#8217;Alpe d&#8217;Huez, Les 2 Alpes et l&#8217;Alpe du Grand Serre).<\/b><br>Les mont\u00e9es simple MTB ne concerne que le premier tron\u00e7on jusqu&#8217;a 2400m. <br><b><i>D\u00e8s que les itin\u00e9raires desservies par le second tron\u00e7on du t\u00e9l\u00e9ph\u00e9rique seront praticables, le forfait Journ\u00e9e sera seul pour acc\u00e9der \u00e0 3200m et son prix sera de 43\u20ac (tarif 2025).<\/i><\/b><\/p>\n<p><span style=\"font-family: Roboto, &quot;Helvetica Neue&quot;, sans-serif; font-size: 14px; font-style: normal; font-weight: 400;\">Vous devez disposer de carte rechargeable compatible skidata et Vous pouvez recycler les forfaits et keycard des autres stations et les utiliser pour recharger votre forfait La Grave!<\/span><br><\/p>\t\t\t\t\t\t\t\t<\/div>\n\t\t\t\t<\/div>\n\t\t\t\t\t<\/div>\n\t\t<\/div>\n\t\t\t\t\t<\/div>\n\t\t<\/section>\n\t\t\t\t<section class=\"elementor-section elementor-top-section elementor-element elementor-element-114e94f elementor-section-boxed elementor-section-height-default elementor-section-height-default\" data-id=\"114e94f\" data-element_type=\"section\" data-e-type=\"section\">\n\t\t\t\t\t\t<div class=\"elementor-container elementor-column-gap-default\">\n\t\t\t\t\t<div class=\"elementor-column elementor-col-100 elementor-top-column elementor-element elementor-element-62fdad6\" data-id=\"62fdad6\" data-element_type=\"column\" data-e-type=\"column\">\n\t\t\t<div class=\"elementor-widget-wrap elementor-element-populated\">\n\t\t\t\t\t\t<div class=\"elementor-element elementor-element-26e4ddc elementor-widget elementor-widget-calculateur\" data-id=\"26e4ddc\" data-element_type=\"widget\" data-e-type=\"widget\" data-widget_type=\"calculateur.default\">\n\t\t\t\t<div class=\"elementor-widget-container\">\n\t\t\t\t\t\t\t<div>\n\t\t\t<calculateur-element \n\t\t\t\tclass=\"jbc-skipass\" \n\t\t\t\tportail=\"733\" \n\t\t\t\tdomaineName=\"https:\/\/service.la-grave.com\/\" \n\t\t\t\tidModule=\"\" \n\t\t\t\tlangue=\"FR\"\n\t\t\t\tversion=\"\"\n\t\t\t\tpg=\"\"\n\t\t\t\tcanal=\"7808\"\n\t\t\t\ttiming=\"\"\n\t\t\t\tfiltreduree=\"\"\n\t\t\t\t\t\t\t\t\t\t\t\t\t\t\t\t\t\t\t\tNon\t\t\t\t\t\t\t\t>\n\t\t\t<\/calculateur-element>\n\t\t<\/div>\n\t\t\t\t\t\t<\/div>\n\t\t\t\t<\/div>\n\t\t\t\t\t<\/div>\n\t\t<\/div>\n\t\t\t\t\t<\/div>\n\t\t<\/section>\n\t\t\t\t<\/div>\n\t\t","protected":false},"excerpt":{"rendered":"<p>Choisissez votre jour et b\u00e9n\u00e9ficiez du meilleur prix du moment&nbsp; pour embarquez directement dans le t\u00e9l\u00e9ph\u00e9rique pour gagner la haute-altitude.Le forfait saison AEON vous donne acc\u00e8s aux 4 Domaines de l&#8217;Oisans (La Grave, l&#8217;Alpe d&#8217;Huez, Les 2 Alpes et l&#8217;Alpe du Grand Serre).Les mont\u00e9es simple MTB ne concerne que le premier tron\u00e7on jusqu&#8217;a 2400m. D\u00e8s [&hellip;]<\/p>\n","protected":false},"author":1,"featured_media":3662,"parent":0,"menu_order":0,"comment_status":"closed","ping_status":"closed","template":"","meta":{"footnotes":""},"class_list":["post-3603","page","type-page","status-publish","has-post-thumbnail","hentry"],"translation":{"provider":"WPGlobus","version":"3.0.2","language":"en","enabled_languages":["fr","en"],"languages":{"fr":{"title":true,"content":true,"excerpt":false},"en":{"title":false,"content":false,"excerpt":false}}},"yoast_head":"<!-- This site is optimized with the Yoast SEO plugin v27.5 - https:\/\/yoast.com\/product\/yoast-seo-wordpress\/ -->\n<title>VTT de Montagne - La Grave<\/title>\n<meta name=\"robots\" content=\"index, follow, max-snippet:-1, max-image-preview:large, max-video-preview:-1\" \/>\n<link rel=\"canonical\" href=\"https:\/\/la-grave.com\/vtt-de-montagne\/\" \/>\n<meta property=\"og:locale\" content=\"en_US\" \/>\n<meta property=\"og:type\" content=\"article\" \/>\n<meta property=\"og:title\" content=\"VTT de Montagne - La Grave\" \/>\n<meta property=\"og:url\" content=\"https:\/\/la-grave.com\/vtt-de-montagne\/\" \/>\n<meta property=\"og:site_name\" content=\"La Grave\" \/>\n<meta property=\"article:modified_time\" content=\"2025-06-03T08:56:53+00:00\" \/>\n<meta property=\"og:image\" content=\"https:\/\/la-grave.com\/wp-content\/uploads\/2021\/06\/mtb-dxo.jpg\" \/>\n\t<meta property=\"og:image:width\" content=\"2000\" \/>\n\t<meta property=\"og:image:height\" content=\"1125\" \/>\n\t<meta property=\"og:image:type\" content=\"image\/jpeg\" \/>\n<meta name=\"twitter:card\" content=\"summary_large_image\" \/>\n<meta name=\"twitter:label1\" content=\"Est. reading time\" \/>\n\t<meta name=\"twitter:data1\" content=\"1 minute\" \/>\n<script type=\"application\/ld+json\" class=\"yoast-schema-graph\">{\"@context\":\"https:\\\/\\\/schema.org\",\"@graph\":[{\"@type\":\"WebPage\",\"@id\":\"https:\\\/\\\/la-grave.com\\\/vtt-de-montagne\\\/\",\"url\":\"https:\\\/\\\/la-grave.com\\\/vtt-de-montagne\\\/\",\"name\":\"VTT de Montagne - La Grave\",\"isPartOf\":{\"@id\":\"https:\\\/\\\/la-grave.com\\\/#website\"},\"primaryImageOfPage\":{\"@id\":\"https:\\\/\\\/la-grave.com\\\/vtt-de-montagne\\\/#primaryimage\"},\"image\":{\"@id\":\"https:\\\/\\\/la-grave.com\\\/vtt-de-montagne\\\/#primaryimage\"},\"thumbnailUrl\":\"https:\\\/\\\/la-grave.com\\\/wp-content\\\/uploads\\\/2021\\\/06\\\/mtb-dxo.jpg\",\"datePublished\":\"2021-05-28T07:02:38+00:00\",\"dateModified\":\"2025-06-03T08:56:53+00:00\",\"breadcrumb\":{\"@id\":\"https:\\\/\\\/la-grave.com\\\/vtt-de-montagne\\\/#breadcrumb\"},\"inLanguage\":\"en-US\",\"potentialAction\":[{\"@type\":\"ReadAction\",\"target\":[\"https:\\\/\\\/la-grave.com\\\/vtt-de-montagne\\\/\"]}]},{\"@type\":\"ImageObject\",\"inLanguage\":\"en-US\",\"@id\":\"https:\\\/\\\/la-grave.com\\\/vtt-de-montagne\\\/#primaryimage\",\"url\":\"https:\\\/\\\/la-grave.com\\\/wp-content\\\/uploads\\\/2021\\\/06\\\/mtb-dxo.jpg\",\"contentUrl\":\"https:\\\/\\\/la-grave.com\\\/wp-content\\\/uploads\\\/2021\\\/06\\\/mtb-dxo.jpg\",\"width\":2000,\"height\":1125,\"caption\":\"Montagne Bike\"},{\"@type\":\"BreadcrumbList\",\"@id\":\"https:\\\/\\\/la-grave.com\\\/vtt-de-montagne\\\/#breadcrumb\",\"itemListElement\":[{\"@type\":\"ListItem\",\"position\":1,\"name\":\"Accueil\",\"item\":\"https:\\\/\\\/la-grave.com\\\/\"},{\"@type\":\"ListItem\",\"position\":2,\"name\":\"VTT de Montagne\"}]},{\"@type\":\"WebSite\",\"@id\":\"https:\\\/\\\/la-grave.com\\\/#website\",\"url\":\"https:\\\/\\\/la-grave.com\\\/\",\"name\":\"La Grave\",\"description\":\"One signposted route, the rest is up to you!\",\"potentialAction\":[{\"@type\":\"SearchAction\",\"target\":{\"@type\":\"EntryPoint\",\"urlTemplate\":\"https:\\\/\\\/la-grave.com\\\/?s={search_term_string}\"},\"query-input\":{\"@type\":\"PropertyValueSpecification\",\"valueRequired\":true,\"valueName\":\"search_term_string\"}}],\"inLanguage\":\"en-US\"}]}<\/script>\n<!-- \/ Yoast SEO plugin. -->","yoast_head_json":{"title":"VTT de Montagne - La Grave","robots":{"index":"index","follow":"follow","max-snippet":"max-snippet:-1","max-image-preview":"max-image-preview:large","max-video-preview":"max-video-preview:-1"},"canonical":"https:\/\/la-grave.com\/vtt-de-montagne\/","og_locale":"en_US","og_type":"article","og_title":"VTT de Montagne - La Grave","og_url":"https:\/\/la-grave.com\/vtt-de-montagne\/","og_site_name":"La Grave","article_modified_time":"2025-06-03T08:56:53+00:00","og_image":[{"width":2000,"height":1125,"url":"https:\/\/la-grave.com\/wp-content\/uploads\/2021\/06\/mtb-dxo.jpg","type":"image\/jpeg"}],"twitter_card":"summary_large_image","twitter_misc":{"Est. reading time":"1 minute"},"schema":{"@context":"https:\/\/schema.org","@graph":[{"@type":"WebPage","@id":"https:\/\/la-grave.com\/vtt-de-montagne\/","url":"https:\/\/la-grave.com\/vtt-de-montagne\/","name":"VTT de Montagne - La Grave","isPartOf":{"@id":"https:\/\/la-grave.com\/#website"},"primaryImageOfPage":{"@id":"https:\/\/la-grave.com\/vtt-de-montagne\/#primaryimage"},"image":{"@id":"https:\/\/la-grave.com\/vtt-de-montagne\/#primaryimage"},"thumbnailUrl":"https:\/\/la-grave.com\/wp-content\/uploads\/2021\/06\/mtb-dxo.jpg","datePublished":"2021-05-28T07:02:38+00:00","dateModified":"2025-06-03T08:56:53+00:00","breadcrumb":{"@id":"https:\/\/la-grave.com\/vtt-de-montagne\/#breadcrumb"},"inLanguage":"en-US","potentialAction":[{"@type":"ReadAction","target":["https:\/\/la-grave.com\/vtt-de-montagne\/"]}]},{"@type":"ImageObject","inLanguage":"en-US","@id":"https:\/\/la-grave.com\/vtt-de-montagne\/#primaryimage","url":"https:\/\/la-grave.com\/wp-content\/uploads\/2021\/06\/mtb-dxo.jpg","contentUrl":"https:\/\/la-grave.com\/wp-content\/uploads\/2021\/06\/mtb-dxo.jpg","width":2000,"height":1125,"caption":"Montagne Bike"},{"@type":"BreadcrumbList","@id":"https:\/\/la-grave.com\/vtt-de-montagne\/#breadcrumb","itemListElement":[{"@type":"ListItem","position":1,"name":"Accueil","item":"https:\/\/la-grave.com\/"},{"@type":"ListItem","position":2,"name":"VTT de Montagne"}]},{"@type":"WebSite","@id":"https:\/\/la-grave.com\/#website","url":"https:\/\/la-grave.com\/","name":"La Grave","description":"One signposted route, the rest is up to you!","potentialAction":[{"@type":"SearchAction","target":{"@type":"EntryPoint","urlTemplate":"https:\/\/la-grave.com\/?s={search_term_string}"},"query-input":{"@type":"PropertyValueSpecification","valueRequired":true,"valueName":"search_term_string"}}],"inLanguage":"en-US"}]}},"_links":{"self":[{"href":"https:\/\/la-grave.com\/en\/wp-json\/wp\/v2\/pages\/3603","targetHints":{"allow":["GET"]}}],"collection":[{"href":"https:\/\/la-grave.com\/en\/wp-json\/wp\/v2\/pages"}],"about":[{"href":"https:\/\/la-grave.com\/en\/wp-json\/wp\/v2\/types\/page"}],"author":[{"embeddable":true,"href":"https:\/\/la-grave.com\/en\/wp-json\/wp\/v2\/users\/1"}],"replies":[{"embeddable":true,"href":"https:\/\/la-grave.com\/en\/wp-json\/wp\/v2\/comments?post=3603"}],"version-history":[{"count":0,"href":"https:\/\/la-grave.com\/en\/wp-json\/wp\/v2\/pages\/3603\/revisions"}],"wp:featuredmedia":[{"embeddable":true,"href":"https:\/\/la-grave.com\/en\/wp-json\/wp\/v2\/media\/3662"}],"wp:attachment":[{"href":"https:\/\/la-grave.com\/en\/wp-json\/wp\/v2\/media?parent=3603"}],"curies":[{"name":"wp","href":"https:\/\/api.w.org\/{rel}","templated":true}]}}

<div data-elementor-type="wp-page" data-elementor-id="3603" class="elementor elementor-3603">
						<section class="elementor-section elementor-top-section elementor-element elementor-element-11f529d elementor-section-boxed elementor-section-height-default elementor-section-height-default" data-id="11f529d" data-element_type="section" data-e-type="section">
						<div class="elementor-container elementor-column-gap-default">
					<div class="elementor-column elementor-col-100 elementor-top-column elementor-element elementor-element-a8e0058" data-id="a8e0058" data-element_type="column" data-e-type="column">
			<div class="elementor-widget-wrap elementor-element-populated">
						<div class="elementor-element elementor-element-c4a02af elementor-widget elementor-widget-text-editor" data-id="c4a02af" data-element_type="widget" data-e-type="widget" data-widget_type="text-editor.default">
				<div class="elementor-widget-container">
									<p>Choisissez votre jour et bénéficiez du meilleur prix du moment&nbsp; pour embarquez directement dans le téléphérique pour gagner la haute-altitude.<br><b style="font-style: italic;">Le forfait saison AEON vous donne accès aux 4 Domaines de l&#8217;Oisans (La Grave, l&#8217;Alpe d&#8217;Huez, Les 2 Alpes et l&#8217;Alpe du Grand Serre).</b><br>Les montées simple MTB ne concerne que le premier tronçon jusqu&#8217;a 2400m. <br><b><i>Dès que les itinéraires desservies par le second tronçon du téléphérique seront praticables, le forfait Journée sera seul pour accéder à 3200m et son prix sera de 43€ (tarif 2025).</i></b></p>
<p><span style="font-family: Roboto, &quot;Helvetica Neue&quot;, sans-serif; font-size: 14px; font-style: normal; font-weight: 400;">Vous devez disposer de carte rechargeable compatible skidata et Vous pouvez recycler les forfaits et keycard des autres stations et les utiliser pour recharger votre forfait La Grave!</span><br></p>								</div>
				</div>
					</div>
		</div>
					</div>
		</section>
				<section class="elementor-section elementor-top-section elementor-element elementor-element-114e94f elementor-section-boxed elementor-section-height-default elementor-section-height-default" data-id="114e94f" data-element_type="section" data-e-type="section">
						<div class="elementor-container elementor-column-gap-default">
					<div class="elementor-column elementor-col-100 elementor-top-column elementor-element elementor-element-62fdad6" data-id="62fdad6" data-element_type="column" data-e-type="column">
			<div class="elementor-widget-wrap elementor-element-populated">
						<div class="elementor-element elementor-element-26e4ddc elementor-widget elementor-widget-calculateur" data-id="26e4ddc" data-element_type="widget" data-e-type="widget" data-widget_type="calculateur.default">
				<div class="elementor-widget-container">
							<div>
			<calculateur-element 
				class="jbc-skipass" 
				portail="733" 
				domaineName="https://service.la-grave.com/" 
				idModule="" 
				langue="FR"
				version=""
				pg=""
				canal="7808"
				timing=""
				filtreduree=""
																				Non								>
			</calculateur-element>
		</div>
						</div>
				</div>
					</div>
		</div>
					</div>
		</section>
				</div>

<p>Choisissez votre jour et bénéficiez du meilleur prix du moment&nbsp; pour embarquez directement dans le téléphérique pour gagner la haute-altitude.Le forfait saison AEON vous donne accès aux 4 Domaines de l&#8217;Oisans (La Grave, l&#8217;Alpe d&#8217;Huez, Les 2 Alpes et l&#8217;Alpe du Grand Serre).Les montées simple MTB ne concerne que le premier tronçon jusqu&#8217;a 2400m. Dès [&hellip;]</p>
