{"id":3740,"date":"2021-07-12T16:17:51","date_gmt":"2021-07-12T14:17:51","guid":{"rendered":"https:\/\/la-grave.com\/?page_id=3740"},"modified":"2023-05-31T16:32:34","modified_gmt":"2023-05-31T14:32:34","slug":"1ere-benne-alpinistes-7h30","status":"publish","type":"page","link":"https:\/\/la-grave.com\/en\/1ere-benne-alpinistes-7h30\/","title":{"rendered":"1\u00e8re Benne &#8211; Alpinistes &#8211; 7H30"},"content":{"rendered":"\t\t<div data-elementor-type=\"wp-page\" data-elementor-id=\"3740\" class=\"elementor elementor-3740\">\n\t\t\t\t\t\t<section class=\"elementor-section elementor-top-section elementor-element elementor-element-11f529d elementor-section-boxed elementor-section-height-default elementor-section-height-default\" data-id=\"11f529d\" data-element_type=\"section\" data-e-type=\"section\">\n\t\t\t\t\t\t<div class=\"elementor-container elementor-column-gap-default\">\n\t\t\t\t\t<div class=\"elementor-column elementor-col-100 elementor-top-column elementor-element elementor-element-a8e0058\" data-id=\"a8e0058\" data-element_type=\"column\" data-e-type=\"column\">\n\t\t\t<div class=\"elementor-widget-wrap elementor-element-populated\">\n\t\t\t\t\t\t<div class=\"elementor-element elementor-element-c4a02af elementor-widget elementor-widget-text-editor\" data-id=\"c4a02af\" data-element_type=\"widget\" data-e-type=\"widget\" data-widget_type=\"text-editor.default\">\n\t\t\t\t<div class=\"elementor-widget-container\">\n\t\t\t\t\t\t\t\t\t<p>Achetez instantan\u00e9ment votre titre de transport pour 3200m et embarquez directement d\u00e8s la premi\u00e8re benne dans le t\u00e9l\u00e9ph\u00e9rique pour gagner la haute-altitude.<br \/><span style=\"font-family: Roboto, 'Helvetica Neue', sans-serif; font-size: 14px; font-style: normal; font-weight: 400;\">Vous devez disposer de carte rechargeable comptatible skidata et Vous pouvez recycler les forfaits et keycard des autres stations et les utiliser pour recharger votre Aller-Retour \u00e0 La Grave!<\/span><\/p>\t\t\t\t\t\t\t\t<\/div>\n\t\t\t\t<\/div>\n\t\t\t\t\t<\/div>\n\t\t<\/div>\n\t\t\t\t\t<\/div>\n\t\t<\/section>\n\t\t\t\t<section class=\"elementor-section elementor-top-section elementor-element elementor-element-ae080ad elementor-reverse-tablet elementor-reverse-mobile elementor-section-boxed elementor-section-height-default elementor-section-height-default\" data-id=\"ae080ad\" data-element_type=\"section\" data-e-type=\"section\">\n\t\t\t\t\t\t<div class=\"elementor-container elementor-column-gap-default\">\n\t\t\t\t\t<div class=\"elementor-column elementor-col-100 elementor-top-column elementor-element elementor-element-c05c2af\" data-id=\"c05c2af\" data-element_type=\"column\" data-e-type=\"column\">\n\t\t\t<div class=\"elementor-widget-wrap elementor-element-populated\">\n\t\t\t\t\t\t<div class=\"elementor-element elementor-element-dbd0216 elementor-widget elementor-widget-panier-rapide\" data-id=\"dbd0216\" data-element_type=\"widget\" data-e-type=\"widget\" data-widget_type=\"panier-rapide.default\">\n\t\t\t\t<div class=\"elementor-widget-container\">\n\t\t\t\t\t\t\t<div>\n\t\t\t<panier-rapide-element\n\t\t\t\tclass=\"jbc-skipass\" \n\t\t\t\tidModule=\"\" \n\t\t\t\tportail=\"733\" \n\t\t\t\tdomaineName=\"https:\/\/service.la-grave.com\/\" \n\t\t\t\tlangue=\"FR\"\n\t\t\t\tversion=\"\"\n\t\t\t\tdateType=\"2\"\n\t\t\t\tdateDebut=\"\"\n\t\t\t\tdateFin=\"\"\n\t\t\t\tcanal=\"\"\n\t\t\t\tpanierIds=\"16788\"\n\t\t\t\tpanierGroupeIds=\"\"\n\t\t\t\t>\n\t\t\t<\/panier-rapide-element>\n\t\t<\/div>\n\t\t\t\t\t\t<\/div>\n\t\t\t\t<\/div>\n\t\t\t\t\t<\/div>\n\t\t<\/div>\n\t\t\t\t\t<\/div>\n\t\t<\/section>\n\t\t\t\t<\/div>\n\t\t","protected":false},"excerpt":{"rendered":"<p>Achetez instantan\u00e9ment votre titre de transport pour 3200m et embarquez directement d\u00e8s la premi\u00e8re benne dans le t\u00e9l\u00e9ph\u00e9rique pour gagner la haute-altitude.Vous devez disposer de carte rechargeable comptatible skidata et Vous pouvez recycler les forfaits et keycard des autres stations et les utiliser pour recharger votre Aller-Retour \u00e0 La Grave!<\/p>\n","protected":false},"author":1,"featured_media":33,"parent":0,"menu_order":0,"comment_status":"closed","ping_status":"closed","template":"","meta":{"footnotes":""},"class_list":["post-3740","page","type-page","status-publish","has-post-thumbnail","hentry"],"translation":{"provider":"WPGlobus","version":"3.0.2","language":"en","enabled_languages":["fr","en"],"languages":{"fr":{"title":true,"content":true,"excerpt":false},"en":{"title":false,"content":false,"excerpt":false}}},"yoast_head":"<!-- This site is optimized with the Yoast SEO plugin v27.5 - https:\/\/yoast.com\/product\/yoast-seo-wordpress\/ -->\n<title>1\u00e8re Benne - Alpinistes - 7H30 - La Grave<\/title>\n<meta name=\"robots\" content=\"index, follow, max-snippet:-1, max-image-preview:large, max-video-preview:-1\" \/>\n<link rel=\"canonical\" href=\"https:\/\/la-grave.com\/1ere-benne-alpinistes-7h30\/\" \/>\n<meta property=\"og:locale\" content=\"en_US\" \/>\n<meta property=\"og:type\" content=\"article\" \/>\n<meta property=\"og:title\" content=\"1\u00e8re Benne - Alpinistes - 7H30 - La Grave\" \/>\n<meta property=\"og:url\" content=\"https:\/\/la-grave.com\/1ere-benne-alpinistes-7h30\/\" \/>\n<meta property=\"og:site_name\" content=\"La Grave\" \/>\n<meta property=\"article:modified_time\" content=\"2023-05-31T14:32:34+00:00\" \/>\n<meta property=\"og:image\" content=\"https:\/\/la-grave.com\/wp-content\/uploads\/2020\/05\/events_ete.jpg\" \/>\n\t<meta property=\"og:image:width\" content=\"2000\" \/>\n\t<meta property=\"og:image:height\" content=\"1125\" \/>\n\t<meta property=\"og:image:type\" content=\"image\/jpeg\" \/>\n<meta name=\"twitter:card\" content=\"summary_large_image\" \/>\n<meta name=\"twitter:label1\" content=\"Est. reading time\" \/>\n\t<meta name=\"twitter:data1\" content=\"1 minute\" \/>\n<script type=\"application\/ld+json\" class=\"yoast-schema-graph\">{\"@context\":\"https:\\\/\\\/schema.org\",\"@graph\":[{\"@type\":\"WebPage\",\"@id\":\"https:\\\/\\\/la-grave.com\\\/1ere-benne-alpinistes-7h30\\\/\",\"url\":\"https:\\\/\\\/la-grave.com\\\/1ere-benne-alpinistes-7h30\\\/\",\"name\":\"1\u00e8re Benne - Alpinistes - 7H30 - La Grave\",\"isPartOf\":{\"@id\":\"https:\\\/\\\/la-grave.com\\\/#website\"},\"primaryImageOfPage\":{\"@id\":\"https:\\\/\\\/la-grave.com\\\/1ere-benne-alpinistes-7h30\\\/#primaryimage\"},\"image\":{\"@id\":\"https:\\\/\\\/la-grave.com\\\/1ere-benne-alpinistes-7h30\\\/#primaryimage\"},\"thumbnailUrl\":\"https:\\\/\\\/la-grave.com\\\/wp-content\\\/uploads\\\/2020\\\/05\\\/events_ete.jpg\",\"datePublished\":\"2021-07-12T14:17:51+00:00\",\"dateModified\":\"2023-05-31T14:32:34+00:00\",\"breadcrumb\":{\"@id\":\"https:\\\/\\\/la-grave.com\\\/1ere-benne-alpinistes-7h30\\\/#breadcrumb\"},\"inLanguage\":\"en-US\",\"potentialAction\":[{\"@type\":\"ReadAction\",\"target\":[\"https:\\\/\\\/la-grave.com\\\/1ere-benne-alpinistes-7h30\\\/\"]}]},{\"@type\":\"ImageObject\",\"inLanguage\":\"en-US\",\"@id\":\"https:\\\/\\\/la-grave.com\\\/1ere-benne-alpinistes-7h30\\\/#primaryimage\",\"url\":\"https:\\\/\\\/la-grave.com\\\/wp-content\\\/uploads\\\/2020\\\/05\\\/events_ete.jpg\",\"contentUrl\":\"https:\\\/\\\/la-grave.com\\\/wp-content\\\/uploads\\\/2020\\\/05\\\/events_ete.jpg\",\"width\":2000,\"height\":1125},{\"@type\":\"BreadcrumbList\",\"@id\":\"https:\\\/\\\/la-grave.com\\\/1ere-benne-alpinistes-7h30\\\/#breadcrumb\",\"itemListElement\":[{\"@type\":\"ListItem\",\"position\":1,\"name\":\"Accueil\",\"item\":\"https:\\\/\\\/la-grave.com\\\/\"},{\"@type\":\"ListItem\",\"position\":2,\"name\":\"1\u00e8re Benne &#8211; Alpinistes &#8211; 7H30\"}]},{\"@type\":\"WebSite\",\"@id\":\"https:\\\/\\\/la-grave.com\\\/#website\",\"url\":\"https:\\\/\\\/la-grave.com\\\/\",\"name\":\"La Grave\",\"description\":\"One signposted route, the rest is up to you!\",\"potentialAction\":[{\"@type\":\"SearchAction\",\"target\":{\"@type\":\"EntryPoint\",\"urlTemplate\":\"https:\\\/\\\/la-grave.com\\\/?s={search_term_string}\"},\"query-input\":{\"@type\":\"PropertyValueSpecification\",\"valueRequired\":true,\"valueName\":\"search_term_string\"}}],\"inLanguage\":\"en-US\"}]}<\/script>\n<!-- \/ Yoast SEO plugin. -->","yoast_head_json":{"title":"1\u00e8re Benne - Alpinistes - 7H30 - La Grave","robots":{"index":"index","follow":"follow","max-snippet":"max-snippet:-1","max-image-preview":"max-image-preview:large","max-video-preview":"max-video-preview:-1"},"canonical":"https:\/\/la-grave.com\/1ere-benne-alpinistes-7h30\/","og_locale":"en_US","og_type":"article","og_title":"1\u00e8re Benne - Alpinistes - 7H30 - La Grave","og_url":"https:\/\/la-grave.com\/1ere-benne-alpinistes-7h30\/","og_site_name":"La Grave","article_modified_time":"2023-05-31T14:32:34+00:00","og_image":[{"width":2000,"height":1125,"url":"https:\/\/la-grave.com\/wp-content\/uploads\/2020\/05\/events_ete.jpg","type":"image\/jpeg"}],"twitter_card":"summary_large_image","twitter_misc":{"Est. reading time":"1 minute"},"schema":{"@context":"https:\/\/schema.org","@graph":[{"@type":"WebPage","@id":"https:\/\/la-grave.com\/1ere-benne-alpinistes-7h30\/","url":"https:\/\/la-grave.com\/1ere-benne-alpinistes-7h30\/","name":"1\u00e8re Benne - Alpinistes - 7H30 - La Grave","isPartOf":{"@id":"https:\/\/la-grave.com\/#website"},"primaryImageOfPage":{"@id":"https:\/\/la-grave.com\/1ere-benne-alpinistes-7h30\/#primaryimage"},"image":{"@id":"https:\/\/la-grave.com\/1ere-benne-alpinistes-7h30\/#primaryimage"},"thumbnailUrl":"https:\/\/la-grave.com\/wp-content\/uploads\/2020\/05\/events_ete.jpg","datePublished":"2021-07-12T14:17:51+00:00","dateModified":"2023-05-31T14:32:34+00:00","breadcrumb":{"@id":"https:\/\/la-grave.com\/1ere-benne-alpinistes-7h30\/#breadcrumb"},"inLanguage":"en-US","potentialAction":[{"@type":"ReadAction","target":["https:\/\/la-grave.com\/1ere-benne-alpinistes-7h30\/"]}]},{"@type":"ImageObject","inLanguage":"en-US","@id":"https:\/\/la-grave.com\/1ere-benne-alpinistes-7h30\/#primaryimage","url":"https:\/\/la-grave.com\/wp-content\/uploads\/2020\/05\/events_ete.jpg","contentUrl":"https:\/\/la-grave.com\/wp-content\/uploads\/2020\/05\/events_ete.jpg","width":2000,"height":1125},{"@type":"BreadcrumbList","@id":"https:\/\/la-grave.com\/1ere-benne-alpinistes-7h30\/#breadcrumb","itemListElement":[{"@type":"ListItem","position":1,"name":"Accueil","item":"https:\/\/la-grave.com\/"},{"@type":"ListItem","position":2,"name":"1\u00e8re Benne &#8211; Alpinistes &#8211; 7H30"}]},{"@type":"WebSite","@id":"https:\/\/la-grave.com\/#website","url":"https:\/\/la-grave.com\/","name":"La Grave","description":"One signposted route, the rest is up to you!","potentialAction":[{"@type":"SearchAction","target":{"@type":"EntryPoint","urlTemplate":"https:\/\/la-grave.com\/?s={search_term_string}"},"query-input":{"@type":"PropertyValueSpecification","valueRequired":true,"valueName":"search_term_string"}}],"inLanguage":"en-US"}]}},"_links":{"self":[{"href":"https:\/\/la-grave.com\/en\/wp-json\/wp\/v2\/pages\/3740","targetHints":{"allow":["GET"]}}],"collection":[{"href":"https:\/\/la-grave.com\/en\/wp-json\/wp\/v2\/pages"}],"about":[{"href":"https:\/\/la-grave.com\/en\/wp-json\/wp\/v2\/types\/page"}],"author":[{"embeddable":true,"href":"https:\/\/la-grave.com\/en\/wp-json\/wp\/v2\/users\/1"}],"replies":[{"embeddable":true,"href":"https:\/\/la-grave.com\/en\/wp-json\/wp\/v2\/comments?post=3740"}],"version-history":[{"count":0,"href":"https:\/\/la-grave.com\/en\/wp-json\/wp\/v2\/pages\/3740\/revisions"}],"wp:featuredmedia":[{"embeddable":true,"href":"https:\/\/la-grave.com\/en\/wp-json\/wp\/v2\/media\/33"}],"wp:attachment":[{"href":"https:\/\/la-grave.com\/en\/wp-json\/wp\/v2\/media?parent=3740"}],"curies":[{"name":"wp","href":"https:\/\/api.w.org\/{rel}","templated":true}]}}

1ère Benne &#8211; Alpinistes &#8211; 7H30

<div data-elementor-type="wp-page" data-elementor-id="3740" class="elementor elementor-3740">
						<section class="elementor-section elementor-top-section elementor-element elementor-element-11f529d elementor-section-boxed elementor-section-height-default elementor-section-height-default" data-id="11f529d" data-element_type="section" data-e-type="section">
						<div class="elementor-container elementor-column-gap-default">
					<div class="elementor-column elementor-col-100 elementor-top-column elementor-element elementor-element-a8e0058" data-id="a8e0058" data-element_type="column" data-e-type="column">
			<div class="elementor-widget-wrap elementor-element-populated">
						<div class="elementor-element elementor-element-c4a02af elementor-widget elementor-widget-text-editor" data-id="c4a02af" data-element_type="widget" data-e-type="widget" data-widget_type="text-editor.default">
				<div class="elementor-widget-container">
									<p>Achetez instantanément votre titre de transport pour 3200m et embarquez directement dès la première benne dans le téléphérique pour gagner la haute-altitude.<br /><span style="font-family: Roboto, 'Helvetica Neue', sans-serif; font-size: 14px; font-style: normal; font-weight: 400;">Vous devez disposer de carte rechargeable comptatible skidata et Vous pouvez recycler les forfaits et keycard des autres stations et les utiliser pour recharger votre Aller-Retour à La Grave!</span></p>								</div>
				</div>
					</div>
		</div>
					</div>
		</section>
				<section class="elementor-section elementor-top-section elementor-element elementor-element-ae080ad elementor-reverse-tablet elementor-reverse-mobile elementor-section-boxed elementor-section-height-default elementor-section-height-default" data-id="ae080ad" data-element_type="section" data-e-type="section">
						<div class="elementor-container elementor-column-gap-default">
					<div class="elementor-column elementor-col-100 elementor-top-column elementor-element elementor-element-c05c2af" data-id="c05c2af" data-element_type="column" data-e-type="column">
			<div class="elementor-widget-wrap elementor-element-populated">
						<div class="elementor-element elementor-element-dbd0216 elementor-widget elementor-widget-panier-rapide" data-id="dbd0216" data-element_type="widget" data-e-type="widget" data-widget_type="panier-rapide.default">
				<div class="elementor-widget-container">
							<div>
			<panier-rapide-element
				class="jbc-skipass" 
				idModule="" 
				portail="733" 
				domaineName="https://service.la-grave.com/" 
				langue="FR"
				version=""
				dateType="2"
				dateDebut=""
				dateFin=""
				canal=""
				panierIds="16788"
				panierGroupeIds=""
				>
			</panier-rapide-element>
		</div>
						</div>
				</div>
					</div>
		</div>
					</div>
		</section>
				</div>

<p>Achetez instantanément votre titre de transport pour 3200m et embarquez directement dès la première benne dans le téléphérique pour gagner la haute-altitude.Vous devez disposer de carte rechargeable comptatible skidata et Vous pouvez recycler les forfaits et keycard des autres stations et les utiliser pour recharger votre Aller-Retour à La Grave!</p>

<!-- This site is optimized with the Yoast SEO plugin v27.5 - https://yoast.com/product/yoast-seo-wordpress/ -->
<title>1ère Benne - Alpinistes - 7H30 - La Grave</title>
<meta name="robots" content="index, follow, max-snippet:-1, max-image-preview:large, max-video-preview:-1" />
<link rel="canonical" href="https://la-grave.com/1ere-benne-alpinistes-7h30/" />
<meta property="og:locale" content="en_US" />
<meta property="og:type" content="article" />
<meta property="og:title" content="1ère Benne - Alpinistes - 7H30 - La Grave" />
<meta property="og:url" content="https://la-grave.com/1ere-benne-alpinistes-7h30/" />
<meta property="og:site_name" content="La Grave" />
<meta property="article:modified_time" content="2023-05-31T14:32:34+00:00" />
<meta property="og:image" content="https://la-grave.com/wp-content/uploads/2020/05/events_ete.jpg" />
	<meta property="og:image:width" content="2000" />
	<meta property="og:image:height" content="1125" />
	<meta property="og:image:type" content="image/jpeg" />
<meta name="twitter:card" content="summary_large_image" />
<meta name="twitter:label1" content="Est. reading time" />
	<meta name="twitter:data1" content="1 minute" />
<script type="application/ld+json" class="yoast-schema-graph">{"@context":"https:\/\/schema.org","@graph":[{"@type":"WebPage","@id":"https:\/\/la-grave.com\/1ere-benne-alpinistes-7h30\/","url":"https:\/\/la-grave.com\/1ere-benne-alpinistes-7h30\/","name":"1ère Benne - Alpinistes - 7H30 - La Grave","isPartOf":{"@id":"https:\/\/la-grave.com\/#website"},"primaryImageOfPage":{"@id":"https:\/\/la-grave.com\/1ere-benne-alpinistes-7h30\/#primaryimage"},"image":{"@id":"https:\/\/la-grave.com\/1ere-benne-alpinistes-7h30\/#primaryimage"},"thumbnailUrl":"https:\/\/la-grave.com\/wp-content\/uploads\/2020\/05\/events_ete.jpg","datePublished":"2021-07-12T14:17:51+00:00","dateModified":"2023-05-31T14:32:34+00:00","breadcrumb":{"@id":"https:\/\/la-grave.com\/1ere-benne-alpinistes-7h30\/#breadcrumb"},"inLanguage":"en-US","potentialAction":[{"@type":"ReadAction","target":["https:\/\/la-grave.com\/1ere-benne-alpinistes-7h30\/"]}]},{"@type":"ImageObject","inLanguage":"en-US","@id":"https:\/\/la-grave.com\/1ere-benne-alpinistes-7h30\/#primaryimage","url":"https:\/\/la-grave.com\/wp-content\/uploads\/2020\/05\/events_ete.jpg","contentUrl":"https:\/\/la-grave.com\/wp-content\/uploads\/2020\/05\/events_ete.jpg","width":2000,"height":1125},{"@type":"BreadcrumbList","@id":"https:\/\/la-grave.com\/1ere-benne-alpinistes-7h30\/#breadcrumb","itemListElement":[{"@type":"ListItem","position":1,"name":"Accueil","item":"https:\/\/la-grave.com\/"},{"@type":"ListItem","position":2,"name":"1ère Benne &#8211; Alpinistes &#8211; 7H30"}]},{"@type":"WebSite","@id":"https:\/\/la-grave.com\/#website","url":"https:\/\/la-grave.com\/","name":"La Grave","description":"One signposted route, the rest is up to you!","potentialAction":[{"@type":"SearchAction","target":{"@type":"EntryPoint","urlTemplate":"https:\/\/la-grave.com\/?s={search_term_string}"},"query-input":{"@type":"PropertyValueSpecification","valueRequired":true,"valueName":"search_term_string"}}],"inLanguage":"en-US"}]}</script>
<!-- / Yoast SEO plugin. -->

1ère Benne - Alpinistes - 7H30 - La Grave
